t z(l) = 7*l**2 + 70960*l - 70962. Calculate z(1).
5
Let p(d) = 4843*d + 619896. Calculate p(-128).
-8
Let h(g) = g**2 - 43*g - 85. Calculate h(44).
-41
Let r(t) = -t**2 + 1083*t - 27348. Calculate r(26).
134
Let q(m) = -5134*m + 35954. Calculate q(7).
16
Let p(g) = -2*g**3 + 62*g**2 - 40*g - 2060. Determine p(29).
144
Let w(h) = -4*h**3 + 42*h**2 - 7434*h + 66354. Determine w(9).
-66
Let r(l) = 48*l**3 + 25*l**2 - 103*l + 99. What is r(1)?
69
Let k(n) = 5*n**3 - 97*n**2 - 45*n - 302. Determine k(20).
-2
Let z(w) = -338*w + 22987. What is z(68)?
3
Let a(t) = -5*t**3 + 10*t**2 + 114*t - 182. Give a(5).
13
Let t(v) = v**3 + 1572*v**2 - 61123*v - 2177. Give t(38).
-11
Let s(f) = f**2 - 43*f - 7753. Give s(-67).
-383
Let y(u) = -22*u**2 - 297*u + 328. Calculate y(1).
9
Let u(v) = -550*v - 12627. Give u(-23).
23
Let x(c) = c**3 + 206*c**2 - 1106*c - 10750. Determine x(-211).
11
Let d(z) = -z**2 + 1253*z - 252957. Determine d(253).
43
Let s(p) = 662*p**2 + 88046*p + 28. Determine s(-133).
28
Let n(d) = 4614*d - 1081. Determine n(1).
3533
Let c(l) = 314*l - 66584. Calculate c(215).
926
Let k(g) = -10*g**3 - 28*g**2 - 331*g - 645. Give k(-2).
-15
Let x(q) = 16487*q + 131749. Determine x(-8).
-147
Let q(y) = 22*y**2 + 355*y - 3576. Determine q(10).
2174
Let p(b) = -b**3 + 22*b**2 - 149*b + 316. Determine p(5).
-4
Let q(c) = -356*c + 12171. Calculate q(39).
-1713
Let j(b) = -7*b**2 + 1998*b + 11178. What is j(291)?
-171
Let b(k) = 245*k**3 + k**2 - 69*k + 69. Determine b(1).
246
Let s(l) = 6*l**2 - 442*l + 7893. What is s(43)?
-19
Let w(l) = 17001*l - 153098. Calculate w(9).
-89
Let c(j) = 674*j + 17326. Give c(-29).
-2220
Let t(a) = -3*a**3 - 19*a**2 - 49*a + 64. Calculate t(-6).
322
Let c(s) = -2*s**3 + 386*s**2 + 3641*s + 72. Calculate c(-9).
27
Let x(n) = 1008*n - 962. What is x(1)?
46
Let c(b) = 10*b**2 - 362*b + 1999. What is c(7)?
-45
Let y(n) = -263*n + 102. Determine y(-5).
1417
Let x(g) = -g**3 - 2*g**2 + 27423*g + 82264. Calculate x(-3).
4
Let i(o) = -o**3 + 238*o**2 + 714*o + 2. Calculate i(-3).
29
Let q(s) = 14*s**2 + 7051*s + 55550. What is q(-8)?
38
Let v(m) = -6*m**2 + 7712*m + 15411. Give v(-2).
-37
Let u(l) = -1357*l - 51987. Give u(-37).
-1778
Let f(y) = -y**3 + 12*y**2 - 1534*y + 15114. What is f(10)?
-26
Let w(b) = 2*b**3 + 71*b**2 + 698*b + 6413. Determine w(-27).
-40
Let s(u) = 2*u**3 - 130*u**2 + 226*u + 1057. What is s(63)?
-581
Let n(u) = 194*u - 14932. Give n(77).
6
Let u(o) = 477*o + 26616. Determine u(-57).
-573
Let t(g) = -430*g - 9434. What is t(-23)?
456
Let w(u) = -u**3 + 12*u**2 + 248*u - 448. Calculate w(23).
-563
Let c(a) = a**2 - 212756*a - 7234861. Determine c(-34).
-1
Let d(c) = 58*c**3 + 51*c**2 + 15*c + 5. What is d(4)?
4593
Let l(a) = -a**3 - 27*a**2 + 64*a + 2974. Determine l(-25).
124
Let n(x) = -3668*x - 334570. What is n(-91)?
-782
Let l(k) = k**3 + 9*k**2 - 965*k - 7772. Determine l(-8).
12
Let i(c) = 3*c**2 + 5949*c - 120149. Give i(20).
31
Let m(l) = l**3 - 21*l**2 + 59*l + 90. Calculate m(15).
-375
Let r(y) = -51*y - 695. What is r(24)?
-1919
Let a(c) = -2769*c + 858381. Give a(310).
-9
Let z(t) = -272*t - 7005. Give z(-31).
1427
Let s(a) = 6*a**3 + 1712*a**2 - 6335*a + 6653. Calculate s(-289).
6
Let i(d) = -d**3 - 207*d**2 + 11320*d - 5037. Give i(-252).
3
Let f(p) = 309814*p - 12082745. Give f(39).
1
Let h(m) = -7*m**2 - 154*m + 3509. Calculate h(29).
-6844
Let i(w) = w**3 - 59*w**2 + 869*w - 56. What is i(26)?
230
Let n(x) = 2*x**3 + 92*x**2 - 682*x - 14115. What is n(-50)?
-15
Let u(v) = -1040*v - 11229. Determine u(-11).
211
Let g(y) = -y**2 + 2506*y + 55632. What is g(-22)?
16
Let a(y) = 2*y**2 + 1075*y + 5340. Calculate a(-5).
15
Let c(o) = 10*o**3 + 48*o**2 - 576*o + 962. Determine c(2).
82
Let q(j) = j**3 - 144*j**2 - 503*j - 179. Calculate q(-3).
7
Let s(g) = g**3 - 69*g**2 + 140*g - 448. What is s(67)?
-46
Let i(x) = 5*x**3 + 12*x**2 - x + 107. Give i(0).
107
Let w(s) = 127*s + 14. Calculate w(2).
268
Let o(z) = z**3 + 244*z**2 + 968*z + 41. Calculate o(-4).
9
Let w(a) = -2*a**3 + 13*a**2 + 44*a - 790. Calculate w(13).
-2415
Let z(n) = n**3 - 2*n**2 - 92*n + 404. What is z(6)?
-4
Let n(l) = l**2 - 2059*l - 18581. Determine n(-9).
31
Let j(o) = -o**3 + 5*o**2 + 122*o - 759. What is j(7)?
-3
Let t(m) = -4*m**3 + 103*m**2 - 415*m - 4. Calculate t(6).
350
Let l(y) = 2*y**2 + 958*y + 6717. Give l(-7).
109
Let j(l) = 17*l**2 + 954*l + 9. Determine j(-56).
-103
Let b(l) = 4528*l + 22685. What is b(-5)?
45
Let r(k) = 124*k**2 - 4220*k + 151. What is r(34)?
15
Let n(f) = 2*f**2 + 1967*f + 94849. Determine n(-51).
-266
Let b(k) = -11*k - 583. Calculate b(-13).
-440
Let h(g) = -g**2 + 22292*g + 178395. Determine h(-8).
-5
Let m(v) = 2*v**2 - 45241*v - 17. Give m(0).
-17
Let z(c) = c**3 - 94*c**2 + 864*c + 15295. Calculate z(81).
-14
Let m(h) = -15*h**2 + 508*h + 1005. What is m(-2)?
-71
Let g(h) = 15*h**3 - 40*h**2 - 887*h + 2633. Determine g(3).
17
Let y(w) = 6*w**2 - 2745*w + 1363. What is y(457)?
-8
Let t(y) = -2*y**3 + 38*y**2 + 223*y - 3171. Determine t(15).
1974
Let m(c) = -2616*c + 99390. Calculate m(38).
-18
Let h(p) = 9921*p + 158759. Calculate h(-16).
23
Let p(b) = -2*b**3 - 144*b**2 - 1324*b + 210. Determine p(-11).
12
Let a(g) = 3150*g**2 + 22057*g + 52. Determine a(-7).
3
Let r(s) = -s**3 - 727*s**2 + 50704*s + 63280. Determine r(-791).
0
Let j(c) = c**2 + 142*c - 103256. Give j(258).
-56
Let u(q) = 644*q + 8368. What is u(-13)?
-4
Let g(o) = 921*o - 62291. What is g(68)?
337
Let w(q) = -217*q**2 + 5440*q - 307. Calculate w(25).
68
Let r(i) = 107*i**2 + 628*i - 3. Calculate r(0).
-3
Let o(u) = 79*u + 76. What is o(-5)?
-319
Let g(l) = 380*l - 6175. Calculate g(16).
-95
Let v(o) = 2*o**3 - 35*o**2 + 535*o - 2043. What is v(5)?
7
Let w(d) = -d**2 + 142*d + 1346. Give w(158).
-1182
Let h(q) = q**3 - 7*q**2 + 22*q + 5. What is h(7)?
159
Let f(t) = 240*t - 46360. Determine f(193).
-40
Let z(y) = 26*y**3 - 79*y**2 - 24*y + 79. Calculate z(3).
-2
Let n(d) = -d - 1932. Determine n(2).
-1934
Let w(z) = z**2 + 63*z - 266820. Give w(-549).
-6
Let i(f) = -5*f**2 + 357*f - 353. Determine i(72).
-569
Let v(f) = -940*f - 11409. Give v(-11).
-1069
Let y(u) = 1159*u - 9560. Give y(7).
-1447
Let s(t) = -5*t**2 + 29*t - 205. What is s(12)?
-577
Let h(j) = 149*j - 41607. What is h(277)?
-334
Let b(g) = g**3 - 475*g**2 + 1877*g + 3288. Give b(471).
-9
Let a(p) = p**2 - 2606*p - 15700. Calculate a(-6).
-28
Let r(j) = -12*j**2 - 51*j - 27. Give r(-5).
-72
Let p(c) = -3308*c - 19347. Give p(-6).
501
Let t(a) = 3819*a - 64879. What is t(17)?
44
Let d(n) = -830954*n - 1661924. Calculate d(-2).
-16
Let x(v) = -98*v**3 - 12*v**2 + 122*v + 466. What is x(-4)?
6058
Let y(d) = 919*d - 50165. Determine y(55).
380
Let w(s) = -10*s**3 + 691*s**2 - 753*s + 333. What is w(68)?
-7
Let h(d) = 3115*d**2 - 185*d - 206. Calculate h(-1).
3094
Let y(z) = -5561*z - 316971. What is y(-57)?
6
Let l(y) = -181*y + 7134. Give l(27).
2247
Let k(w) = -19644*w + 1610808. Give k(82).
0
Let l(r) = -r**3 - 60*r**2 + 359*r + 6565. Determine l(-64).
-27
Let a(v) = -7953*v - 166532. Give a(-21).
481
Let w(y) = -y**2 - 53*y + 10396. Determine w(-132).
-32
Let g(k) = 4*k**3 + 14*k**2 + 722*k + 2152. What is g(-3)?
4
Let v(f) = -f**3 + 150*f**2 - 2140*f - 323. Calculate v(134).
213
Let b(v) = 4*v**2 - 406*v + 5458. What is b(13)?
856
Let n(o) = -7*o**2 + 86811*o + 347347. Give n(-4).
-9
Let q(w) = 8*w**2 - 299*w + 742. What is q(34)?
-176
Let s(t) = -t**2 + 532*t + 5439. Give s(-10).
19
Let s(n) = 3*n**3 - 26*n**2 + 33*n + 1. Give s(3).
-53
Let y(o) = -3*o**2 - 247*o - 2104. Calculate y(-69).
656
Let g(t) = 10*t**2 - 172*t + 653. Determine g(10).
-67
Let i(f) = 8917*f - 26740. Determine i(3).
11
Let h(n) = n**3 - 511*n**2 + 57278*n - 2755. Calculate h(345).
5
Let k(p) = 7977*p - 63799. Determine k(8).
17
Let x(z) = 309*z - 1828. Determine x(6).
26
Let v(w) = -166174*w - 8807218. Determine v(-53).
4
Let s(z) = -47*z**2 + z + 201. Determine s(-2).
11
Let x(z) = 82325*z + 493945. Calculate x(-6).
-5
Let p(z) = z**2 - 145*z + 1839. Determine p(17).
-337
Let l(m) = 1496*m**3 + m**2 + m + 1. What is l(-1)?
-1495
Let h(u) = -2*u**3 - 6*u**2 + 201*u + 1072. Calculate h(-5).
167
Let q(y) = 123*y**2 - 7375*y - 365. What is q(60)?
-65
Let h(o) = -o**3 + 213